{"id":66,"date":"2025-03-06T08:23:09","date_gmt":"2025-03-06T07:23:09","guid":{"rendered":"https:\/\/dititi.fr\/?page_id=66"},"modified":"2025-12-04T08:15:11","modified_gmt":"2025-12-04T07:15:11","slug":"accueil","status":"publish","type":"page","link":"https:\/\/dititi.fr\/index.php\/accueil\/","title":{"rendered":"Accueil"},"content":{"rendered":"\t\t<div data-elementor-type=\"wp-page\" data-elementor-id=\"66\" class=\"elementor elementor-66\">\n\t\t\t\t<div class=\"elementor-element elementor-element-79028bd e-flex e-con-boxed e-con e-parent\" data-id=\"79028bd\" data-element_type=\"container\">\n\t\t\t\t\t<div class=\"e-con-inner\">\n\t\t\t\t<div class=\"elementor-element elementor-element-6360233 hfe-search-layout-text elementor-widget elementor-widget-hfe-search-button\" data-id=\"6360233\" data-element_type=\"widget\" data-settings=\"{&quot;size&quot;:{&quot;unit&quot;:&quot;px&quot;,&quot;size&quot;:50,&quot;sizes&quot;:[]},&quot;size_tablet&quot;:{&quot;unit&quot;:&quot;px&quot;,&quot;size&quot;:&quot;&quot;,&quot;sizes&quot;:[]},&quot;size_mobile&quot;:{&quot;unit&quot;:&quot;px&quot;,&quot;size&quot;:&quot;&quot;,&quot;sizes&quot;:[]},&quot;close_icon_size&quot;:{&quot;unit&quot;:&quot;px&quot;,&quot;size&quot;:&quot;20&quot;,&quot;sizes&quot;:[]},&quot;close_icon_size_tablet&quot;:{&quot;unit&quot;:&quot;px&quot;,&quot;size&quot;:&quot;&quot;,&quot;sizes&quot;:[]},&quot;close_icon_size_mobile&quot;:{&quot;unit&quot;:&quot;px&quot;,&quot;size&quot;:&quot;&quot;,&quot;sizes&quot;:[]}}\" data-widget_type=\"hfe-search-button.default\">\n\t\t\t\t<div class=\"elementor-widget-container\">\n\t\t\t\t\t\t\t<form class=\"hfe-search-button-wrapper\" role=\"search\" action=\"https:\/\/dititi.fr\/\" method=\"get\">\n\n\t\t\t\t\t\t<div class=\"hfe-search-form__container\" role=\"tablist\">\n\t\t\t\t\t\t\t\t\t<input placeholder=\"Saisissez le fruit ou le l\u00e9gume qui vous int\u00e9resse et appuyez sur \u00ab\u00a0Entr\u00e9e\u00a0\u00bb pour conna\u00eetre la vari\u00e9t\u00e9 \u00e0 acheter en ce moment pour vous r\u00e9galer\" class=\"hfe-search-form__input\" type=\"search\" name=\"s\" title=\"Search\" value=\"\">\n\t\t\t\t\t\t<button id=\"clear\" type=\"reset\">\n\t\t\t\t\t\t\t<i class=\"fas fa-times clearable__clear\" aria-hidden=\"true\"><\/i>\n\t\t\t\t\t\t<\/button>\n\t\t\t\t\t\t\t<\/div>\n\t\t\t\t<\/form>\n\t\t\t\t\t\t<\/div>\n\t\t\t\t<\/div>\n\t\t\t\t\t<\/div>\n\t\t\t\t<\/div>\n\t\t<div class=\"elementor-element elementor-element-23e5fbf e-flex e-con-boxed e-con e-parent\" data-id=\"23e5fbf\" data-element_type=\"container\" data-settings=\"{&quot;background_background&quot;:&quot;classic&quot;}\">\n\t\t\t\t\t<div class=\"e-con-inner\">\n\t\t<div class=\"elementor-element elementor-element-e0ee69c e-con-full e-flex e-con e-child\" data-id=\"e0ee69c\" data-element_type=\"container\">\n\t\t\t\t<div class=\"elementor-element elementor-element-284a806 elementor-widget elementor-widget-wp-widget-recent-posts\" data-id=\"284a806\" data-element_type=\"widget\" data-widget_type=\"wp-widget-recent-posts.default\">\n\t\t\t\t<div class=\"elementor-widget-container\">\n\t\t\t\t\t\n\t\t\n\t\t<h5>Mois apr\u00e8s mois, le d\u00e9tail des vari\u00e9t\u00e9s \u00e0 choisir<\/h5>\n\t\t<ul>\n\t\t\t\t\t\t\t\t\t\t\t<li>\n\t\t\t\t\t<a href=\"https:\/\/dititi.fr\/index.php\/2025\/12\/03\/decembre-2025\/\">D\u00e9cembre 2025<\/a>\n\t\t\t\t\t\t\t\t\t<\/li>\n\t\t\t\t\t\t\t\t\t\t\t<li>\n\t\t\t\t\t<a href=\"https:\/\/dititi.fr\/index.php\/2025\/03\/05\/elementor-24\/\">Mars-Avril 2025<\/a>\n\t\t\t\t\t\t\t\t\t<\/li>\n\t\t\t\t\t\t\t\t\t\t\t<li>\n\t\t\t\t\t<a href=\"https:\/\/dititi.fr\/index.php\/2025\/03\/03\/bonjour-tout-le-monde\/\">Bonjour tout le monde\u00a0!<\/a>\n\t\t\t\t\t\t\t\t\t<\/li>\n\t\t\t\t\t<\/ul>\n\n\t\t\t\t\t\t<\/div>\n\t\t\t\t<\/div>\n\t\t\t\t<\/div>\n\t\t<div class=\"elementor-element elementor-element-171b1ba e-con-full e-flex e-con e-child\" data-id=\"171b1ba\" data-element_type=\"container\">\n\t\t\t\t<div class=\"elementor-element elementor-element-45b98d1 elementor-widget elementor-widget-text-editor\" data-id=\"45b98d1\" data-element_type=\"widget\" data-widget_type=\"text-editor.default\">\n\t\t\t\t<div class=\"elementor-widget-container\">\n\t\t\t\t\t\t\t\t\t<h2>Janvier<\/h2><p>Fruits : Citron, cl\u00e9mentine, kiwi, noix, poire, pomme.<\/p><p>L\u00e9gumes : Ail, betterave, blette, brocoli, carotte, c\u00e9leri, chou-fleur, choux, choux de Bruxelles, courge, crosne, \u00e9chalote, endive, \u00e9pinard, m\u00e2che, navet, oignon, panais, poireau, pomme de terre, potimarron, potiron, radis noir, salsifis, topinambour.<\/p><h2>F\u00e9vrier<\/h2><p>Fruits : Citron, cl\u00e9mentine, kiwi, poire, pomelos, pomme.<\/p><p>L\u00e9gumes : Ail, betterave, blette, brocoli, carotte, c\u00e9leri, chou-fleur, choux, choux de Bruxelles, crosne, \u00e9chalote, endive, \u00e9pinard, fenouil, fris\u00e9e, m\u00e2che, navet, oignon, panais, poireau, pomme de terre, potimarron, potiron, radis noir, rutabaga, salsifis, topinambour.<\/p><h2>Mars<\/h2><p>Fruits : Citron, cl\u00e9mentine, kiwi, poire, pomelos, pomme.<\/p><p>L\u00e9gumes : Asperge, betterave, blette, carotte, c\u00e9leri, chou-fleur, choux, endive, \u00e9pinard, navet, oignon blanc, panais, poireau, pomme de terre, potimarron, potiron, radis noir, radis rose.<\/p><h2>Avril<\/h2><p>Fruits : Citron, kiwi, pomelos, pomme, rhubarbe.<\/p><p>L\u00e9gumes : Aillet, asperge, betterave, blette, chou-fleur, carotte, c\u00e9leri, choux, endive, \u00e9pinard, navet, oignon blanc, petit pois, poireau, pomme de terre primeur, radis noir, radis rose, salade.<\/p><h2>Mai<\/h2><p>Fruits : Cerise, fraise, pomelos, rhubarbe.<\/p><p>L\u00e9gumes : Ail, aillet, artichaut, asperge, aubergine, betterave, blette, carotte, c\u00e9leri branche, chou-fleur, choux, concombre, courgette, \u00e9pinard, fenouil, f\u00e8ve, navet, oignon blanc, petit pois, poireau, pomme de terre, radis rose, salade.<\/p><h2>Juin<\/h2><p>Fruits : Abricot, cassis, cerise, fraise, framboise, melon, m\u00fbre, p\u00eache, prune.<\/p><p>L\u00e9gumes : Ail, aillet, artichaut, aubergine, betterave, blette, brocoli, carotte, c\u00e9leri branche, chou-fleur, choux, concombre, courgette, \u00e9pinard, fenouil, f\u00e8ve, haricot vert, navet, oignon blanc, petit pois, poireau, pomme de terre, radis rose, salade, tomate.<\/p><h2>Juillet<\/h2><p>Fruits : Abricot, cassis, cerise, fraise, framboise, melon, mirabelle, m\u00fbre, p\u00eache, prune.<\/p><p>L\u00e9gumes : Aubergine, betterave, carotte, c\u00e9leri, chou-fleur, concombre, courgette, \u00e9pinard, haricot vert, ma\u00efs doux, oignon, poivron, pomme de terre, tomate.<\/p><h2>Ao\u00fbt<\/h2><p>Fruits : Abricot, cassis, figue, melon, mirabelle, m\u00fbre, p\u00eache, prune, raisin.<\/p><p>L\u00e9gumes : Aubergine, betterave, carotte, c\u00e9leri, chou-fleur, concombre, courgette, \u00e9pinard, haricot vert, ma\u00efs doux, oignon, poivron, pomme de terre, tomate.<\/p><h2>Septembre<\/h2><p>Fruits : Figue, framboise, melon, mirabelle, m\u00fbre, myrtille, noisette, p\u00eache, poire, pomme, raisin.<\/p><p>L\u00e9gumes : Artichaut, aubergine, betterave, blette, brocoli, carotte, c\u00e9leri, chou, chou de Bruxelles, chou-fleur, courgette, \u00e9pinard, fenouil, haricot vert, laitue feuille de ch\u00eane, ma\u00efs, oignon, panais, poireau, poivron, pomme de terre, potiron, radis, tomate.<\/p><h2>Octobre<\/h2><p>Fruits : Ch\u00e2taigne, coing, figue, framboise, m\u00fbre, myrtille, noix fra\u00eeche, p\u00eache de vigne, poire, pomme, raisin.<\/p><p>L\u00e9gumes : Ail, artichaut, aubergine, betterave, blette, brocoli, carotte, c\u00e9leri, chou-fleur, choux, choux de Bruxelles, concombre, courge, courgette, \u00e9chalote, \u00e9pinard, fenouil, haricot \u00e0 \u00e9cosser, haricot vert, ma\u00efs doux, navet, oignon sec, panais, petit pois, poireau, poivron, pomme de terre, potimarron, potiron, radis, salade, tomate.<\/p><h2>Novembre<\/h2><p>Fruits : Ch\u00e2taigne, cl\u00e9mentine, coing, kaki, kiwi, noix, poire, pomme, raisin.<\/p><p>L\u00e9gumes : Ail, artichaut, betterave, blette, brocoli, carotte, c\u00e9leri, chou-fleur, choux, choux de Bruxelles, \u00e9chalote, \u00e9pinard, fenouil, navet, oignon sec, panais, poireau, pomme de terre, potimarron, potiron, radis.<\/p><h2>D\u00e9cembre<\/h2><p>Fruits : Ch\u00e2taigne, cl\u00e9mentine, kiwi, mandarine, noix, orange, poire, pomme.<\/p><p>L\u00e9gumes : Betterave, cardon, carotte, c\u00e9leri, chou, chou de Bruxelles, chou-fleur, endive, \u00e9pinard, navet, oignon, panais, poireau, pomme de terre, potimarron, potiron, radis<\/p>\t\t\t\t\t\t\t\t<\/div>\n\t\t\t\t<\/div>\n\t\t\t\t<\/div>\n\t\t\t\t\t<\/div>\n\t\t\t\t<\/div>\n\t\t\t\t<\/div>\n\t\t","protected":false},"excerpt":{"rendered":"<p>Janvier Fruits : Citron, cl\u00e9mentine, kiwi, noix, poire, pomme. L\u00e9gumes : Ail, betterave, blette, brocoli, carotte, c\u00e9leri, chou-fleur, choux, choux de Bruxelles, courge, crosne, \u00e9chalote, endive, \u00e9pinard, m\u00e2che, navet, oignon, panais, poireau, pomme de terre, &hellip; <\/p>\n","protected":false},"author":1,"featured_media":0,"parent":0,"menu_order":0,"comment_status":"closed","ping_status":"closed","template":"","meta":{"footnotes":""},"class_list":["post-66","page","type-page","status-publish","hentry"],"_links":{"self":[{"href":"https:\/\/dititi.fr\/index.php\/wp-json\/wp\/v2\/pages\/66","targetHints":{"allow":["GET"]}}],"collection":[{"href":"https:\/\/dititi.fr\/index.php\/wp-json\/wp\/v2\/pages"}],"about":[{"href":"https:\/\/dititi.fr\/index.php\/wp-json\/wp\/v2\/types\/page"}],"author":[{"embeddable":true,"href":"https:\/\/dititi.fr\/index.php\/wp-json\/wp\/v2\/users\/1"}],"replies":[{"embeddable":true,"href":"https:\/\/dititi.fr\/index.php\/wp-json\/wp\/v2\/comments?post=66"}],"version-history":[{"count":28,"href":"https:\/\/dititi.fr\/index.php\/wp-json\/wp\/v2\/pages\/66\/revisions"}],"predecessor-version":[{"id":124,"href":"https:\/\/dititi.fr\/index.php\/wp-json\/wp\/v2\/pages\/66\/revisions\/124"}],"wp:attachment":[{"href":"https:\/\/dititi.fr\/index.php\/wp-json\/wp\/v2\/media?parent=66"}],"curies":[{"name":"wp","href":"https:\/\/api.w.org\/{rel}","templated":true}]}}